 when 575 is divided by 82?
1
What is the remainder when 109 is divided by 37?
35
Calculate the remainder when 116 is divided by 12.
8
Calculate the remainder when 1028 is divided by 126.
20
Calculate the remainder when 39 is divided by 6.
3
What is the remainder when 197 is divided by 33?
32
Calculate the remainder when 864 is divided by 107.
8
Calculate the remainder when 43 is divided by 5.
3
Calculate the remainder when 147 is divided by 13.
4
What is the remainder when 104 is divided by 53?
51
What is the remainder when 238 is divided by 82?
74
Calculate the remainder when 119 is divided by 10.
9
What is the remainder when 80 is divided by 24?
8
What is the remainder when 158 is divided by 4?
2
Calculate the remainder when 75 is divided by 13.
10
What is the remainder when 478 is divided by 49?
37
Calculate the remainder when 1062 is divided by 71.
68
Calculate the remainder when 531 is divided by 38.
37
What is the remainder when 24 is divided by 7?
3
What is the remainder when 30772 is divided by 15?
7
What is the remainder when 569 is divided by 19?
18
Calculate the remainder when 2229 is divided by 24.
21
What is the remainder when 189 is divided by 38?
37
What is the remainder when 234 is divided by 79?
76
What is the remainder when 605 is divided by 77?
66
Calculate the remainder when 116 is divided by 24.
20
Calculate the remainder when 178 is divided by 17.
8
What is the remainder when 20061 is divided by 76?
73
Calculate the remainder when 280 is divided by 159.
121
Calculate the remainder when 2932 is divided by 582.
22
What is the remainder when 1071 is divided by 49?
42
What is the remainder when 293 is divided by 60?
53
What is the remainder when 623 is divided by 104?
103
Calculate the remainder when 467 is divided by 71.
41
Calculate the remainder when 15 is divided by 7.
1
Calculate the remainder when 2147 is divided by 1064.
19
What is the remainder when 18026 is divided by 46?
40
What is the remainder when 66 is divided by 1?
0
Calculate the remainder when 193 is divided by 11.
6
What is the remainder when 341 is divided by 31?
0
Calculate the remainder when 220 is divided by 8.
4
Calculate the remainder when 2615 is divided by 20.
15
What is the remainder when 3266 is divided by 19?
17
Calculate the remainder when 176 is divided by 45.
41
Calculate the remainder when 2014 is divided by 16.
14
What is the remainder when 30 is divided by 9?
3
Calculate the remainder when 598 is divided by 92.
46
What is the remainder when 419 is divided by 106?
101
What is the remainder when 195 is divided by 3?
0
Calculate the remainder when 471 is divided by 20.
11
What is the remainder when 80 is divided by 25?
5
What is the remainder when 1002 is divided by 28?
22
What is the remainder when 1488 is divided by 75?
63
Calculate the remainder when 2252 is divided by 2.
0
What is the remainder when 677 is divided by 54?
29
What is the remainder when 5733 is divided by 164?
157
Calculate the remainder when 3110 is divided by 13.
3
Calculate the remainder when 1139 is divided by 19.
18
What is the remainder when 3639 is divided by 31?
12
Calculate the remainder when 389 is divided by 386.
3
What is the remainder when 3041 is divided by 169?
168
Calculate the remainder when 8368 is divided by 30.
28
What is the remainder when 242 is divided by 131?
111
What is the remainder when 233 is divided by 30?
23
Calculate the remainder when 647 is divided by 25.
22
What is the remainder when 159 is divided by 43?
30
Calculate the remainder when 960 is divided by 37.
35
What is the remainder when 895 is divided by 179?
0
Calculate the remainder when 184 is divided by 59.
7
Calculate the remainder when 2628 is divided by 5.
3
Calculate the remainder when 3029 is divided by 15.
14
Calculate the remainder when 95 is divided by 23.
3
Calculate the remainder when 1577 is divided by 367.
109
Calculate the remainder when 115 is divided by 54.
7
What is the remainder when 98 is divided by 17?
13
Calculate the remainder when 1912 is divided by 66.
64
What is the remainder when 66 is divided by 33?
0
What is the remainder when 6092 is divided by 48?
44
Calculate the remainder when 535 is divided by 26.
15
What is the remainder when 6190 is divided by 2057?
19
Calculate the remainder when 86 is divided by 29.
28
Calculate the remainder when 179 is divided by 29.
5
What is the remainder when 97 is divided by 25?
22
Calculate the remainder when 200 is divided by 69.
62
Calculate the remainder when 4509 is divided by 61.
56
What is the remainder when 431 is divided by 190?
51
What is the remainder when 2046 is divided by 78?
18
Calculate the remainder when 221 is divided by 56.
53
What is the remainder when 4930 is divided by 36?
34
What is the remainder when 414 is divided by 200?
14
Calculate the remainder when 116 is divided by 11.
6
What is the remainder when 544 is divided by 284?
260
Calculate the remainder when 363 is divided by 61.
58
What is the remainder when 40935 is divided by 34?
33
What is the remainder when 26818 is divided by 90?
88
Calculate the remainder when 323 is divided by 27.
26
Calculate the remainder when 38 is divided by 9.
2
What is the remainder when 309 is divided by 24?
21
What is the remainder when 2614 is divided by 235?
29
What is the remainder when 1288 is divided by 27?
19
Calculate the remainder when 635 is divided by 12.
11
Calculate the remainder when 2586 is divided by 35.
31
Calculate the remainder when 257 is divided by 257.
0
Calculate the remainder when 9998 is divided by 200.
198
Calculate the remainder when 594 is divided by 7.
6
What is the remainder when 1510 is divided by 49?
40
Calculate the remainder when 88 is divided by 30.
28
Calculate the remainder when 648 is divided by 639.
9
Calculate the remainder when 159 is divided by 33.
27
What is the remainder when 57 is divided by 15?
12
What is the remainder when 424 is divided by 25?
24
Calculate the remainder when 231 is divided by 9.
6
Calculate the remainder when 1704 is divided by 31.
30
Calculate the remainder when 61 is divided by 31.
30
What is the remainder when 423 is divided by 134?
21
What is the remainder when 10055 is divided by 78?
71
Calculate the remainder when 621 is divided by 173.
102
Calculate the remainder when 6541 is divided by 55.
51
Calculate the remainder when 2651 is divided by 78.
77
What is the remainder when 251 is divided by 84?
83
Calculate the remainder when 185 is divided by 17.
15
Calculate the remainder when 90 is divided by 5.
0
Calculate the remainder when 57 is divided by 31.
26
Calculate the remainder when 626 is divided by 222.
182
What is the remainder when 1941 is divided by 9?
6
Calculate the remainder when 981 is divided by 58.
53
Calculate the remainder when 109 is divided by 4.
1
Calculate the remainder when 3086 is divided by 15.
11
What is the remainder when 1518 is divided by 80?
78
What is the remainder when 1511 is divided by 260?
211
Calculate the remainder when 50 is divided by 27.
23
What is the remainder when 665 is divided by 304?
57
What is the remainder when 392 is divided by 203?
189
What is the remainder when 142 is divided by 12?
10
Calculate the remainder when 337 is divided by 26.
25
What is the remainder when 24 is divided by 8?
0
What is the remainder when 3419 is divided by 21?
17
Calculate the remainder when 232 is divided by 83.
66
Calculate the remainder when 196 is divided by 21.
7
What is the remainder when 118 is divided by 11?
8
Calculate the remainder when 626 is divided by 150.
26
Calculate the remainder when 1682 is divided by 33.
32
Calculate the remainder when 1446 is divided by 42.
18
Calculate the remainder when 138 is divided by 60.
18
What is the remainder when 2258 is divided by 160?
18
Calculate the remainder when 204 is divided by 33.
6
What is the remainder when 3101 is divided by 47?
46
Calculate the remainder when 15053 is divided by 30.
23
Calculate the remainder when 363 is divided by 20.
3
Calculate the remainder when 139 is divided by 7.
6
What is the remainder when 1894 is divided by 5?
4
What is the remainder when 1599 is divided by 399?
3
What is the remainder when 17087 is divided by 178?
177
Calculate the remainder when 1426 is divided by 469.
19
What is the remaind